[INFO] cloning repository https://github.com/maniek2332/mri_proj
[INFO] running `Command { std: "git" "-c" "credential.helper=" "-c" "credential.helper=/workspace/cargo-home/bin/git-credential-null" "clone" "--bare" "https://github.com/maniek2332/mri_proj" "/workspace/cache/git-repos/https%3A%2F%2Fgithub.com%2Fmaniek2332%2Fmri_proj", kill_on_drop: false }`
[INFO] [stderr] Cloning into bare repository '/workspace/cache/git-repos/https%3A%2F%2Fgithub.com%2Fmaniek2332%2Fmri_proj'...
[INFO] running `Command { std: "git" "rev-parse" "HEAD", kill_on_drop: false }`
[INFO] [stdout] e5d99eec4faf2fd538830486dab01d3cd2f20f72
[INFO] checking maniek2332/mri_proj against master#af3c6e733a40e671550e0f0f5aeecaa13772ba56 for pr-74989
[INFO] running `Command { std: "git" "clone" "/workspace/cache/git-repos/https%3A%2F%2Fgithub.com%2Fmaniek2332%2Fmri_proj" "/workspace/builds/worker-6/source", kill_on_drop: false }`
[INFO] [stderr] Cloning into '/workspace/builds/worker-6/source'...
[INFO] [stderr] done.
[INFO] validating manifest of git repo https://github.com/maniek2332/mri_proj on toolchain af3c6e733a40e671550e0f0f5aeecaa13772ba56
[INFO] running `Command { std: "/workspace/cargo-home/bin/cargo" "+af3c6e733a40e671550e0f0f5aeecaa13772ba56" "read-manifest" "--manifest-path" "Cargo.toml", kill_on_drop: false }`
[INFO] started tweaking git repo https://github.com/maniek2332/mri_proj
[INFO] finished tweaking git repo https://github.com/maniek2332/mri_proj
[INFO] tweaked toml for git repo https://github.com/maniek2332/mri_proj written to /workspace/builds/worker-6/source/Cargo.toml
[INFO] crate git repo https://github.com/maniek2332/mri_proj already has a lockfile, it will not be regenerated
[INFO] running `Command { std: "/workspace/cargo-home/bin/cargo" "+af3c6e733a40e671550e0f0f5aeecaa13772ba56" "fetch" "--locked" "--manifest-path" "Cargo.toml", kill_on_drop: false }`
[INFO] [stderr] error: the lock file /workspace/builds/worker-6/source/Cargo.lock needs to be updated but --locked was passed to prevent this
[INFO] [stderr] If you want to try to generate the lock file without accessing the network, use the --offline flag.
[INFO] the lockfile is outdated, regenerating it
[INFO] running `Command { std: "/workspace/cargo-home/bin/cargo" "+af3c6e733a40e671550e0f0f5aeecaa13772ba56" "generate-lockfile" "--manifest-path" "Cargo.toml" "-Zno-index-update", kill_on_drop: false }`
[INFO] running `Command { std: "/workspace/cargo-home/bin/cargo" "+af3c6e733a40e671550e0f0f5aeecaa13772ba56" "fetch" "--locked" "--manifest-path" "Cargo.toml", kill_on_drop: false }`
[INFO] running `Command { std: "docker" "create" "-v" "/var/lib/crater-agent-workspace/builds/worker-6/target:/opt/rustwide/target:rw,Z" "-v" "/var/lib/crater-agent-workspace/builds/worker-6/source:/opt/rustwide/workdir:ro,Z" "-v" "/var/lib/crater-agent-workspace/cargo-home:/opt/rustwide/cargo-home:ro,Z" "-v" "/var/lib/crater-agent-workspace/rustup-home:/opt/rustwide/rustup-home:ro,Z" "-e" "SOURCE_DIR=/opt/rustwide/workdir" "-e" "CARGO_TARGET_DIR=/opt/rustwide/target" "-e" "CARGO_HOME=/opt/rustwide/cargo-home" "-e" "RUSTUP_HOME=/opt/rustwide/rustup-home" "-w" "/opt/rustwide/workdir" "-m" "1610612736" "--user" "0:0" "--network" "none" "rustops/crates-build-env@sha256:d92eaeed33fa75130ca1ee6c8a01d1ffb62bac859dfdfb3450e3e5d1c0146529" "/opt/rustwide/cargo-home/bin/cargo" "+af3c6e733a40e671550e0f0f5aeecaa13772ba56" "metadata" "--no-deps" "--format-version=1", kill_on_drop: false }`
[INFO] [stdout] 5e1522acc9e67a70f6521682c311d7ebf78a92161983df86333e1e6107d0a86d
[INFO] [stderr] WARNING: Your kernel does not support swap limit capabilities or the cgroup is not mounted. Memory limited without swap.
[INFO] running `Command { std: "docker" "start" "-a" "5e1522acc9e67a70f6521682c311d7ebf78a92161983df86333e1e6107d0a86d", kill_on_drop: false }`
[INFO] running `Command { std: "docker" "inspect" "5e1522acc9e67a70f6521682c311d7ebf78a92161983df86333e1e6107d0a86d", kill_on_drop: false }`
[INFO] running `Command { std: "docker" "rm" "-f" "5e1522acc9e67a70f6521682c311d7ebf78a92161983df86333e1e6107d0a86d", kill_on_drop: false }`
[INFO] [stdout] 5e1522acc9e67a70f6521682c311d7ebf78a92161983df86333e1e6107d0a86d
[INFO] running `Command { std: "docker" "create" "-v" "/var/lib/crater-agent-workspace/builds/worker-6/target:/opt/rustwide/target:rw,Z" "-v" "/var/lib/crater-agent-workspace/builds/worker-6/source:/opt/rustwide/workdir:ro,Z" "-v" "/var/lib/crater-agent-workspace/cargo-home:/opt/rustwide/cargo-home:ro,Z" "-v" "/var/lib/crater-agent-workspace/rustup-home:/opt/rustwide/rustup-home:ro,Z" "-e" "SOURCE_DIR=/opt/rustwide/workdir" "-e" "CARGO_TARGET_DIR=/opt/rustwide/target" "-e" "CARGO_INCREMENTAL=0" "-e" "RUST_BACKTRACE=full" "-e" "RUSTFLAGS=--cap-lints=forbid" "-e" "CARGO_HOME=/opt/rustwide/cargo-home" "-e" "RUSTUP_HOME=/opt/rustwide/rustup-home" "-w" "/opt/rustwide/workdir" "-m" "1610612736" "--user" "0:0" "--network" "none" "rustops/crates-build-env@sha256:d92eaeed33fa75130ca1ee6c8a01d1ffb62bac859dfdfb3450e3e5d1c0146529" "/opt/rustwide/cargo-home/bin/cargo" "+af3c6e733a40e671550e0f0f5aeecaa13772ba56" "check" "--frozen" "--all" "--all-targets" "--message-format=json", kill_on_drop: false }`
[INFO] [stdout] 5b48d1fffde0d5193f26f273d846d7475bc4d4632218c7502e308d6621ffd5ce
[INFO] [stderr] WARNING: Your kernel does not support swap limit capabilities or the cgroup is not mounted. Memory limited without swap.
[INFO] running `Command { std: "docker" "start" "-a" "5b48d1fffde0d5193f26f273d846d7475bc4d4632218c7502e308d6621ffd5ce", kill_on_drop: false }`
[INFO] [stderr]    Compiling autocfg v1.0.1
[INFO] [stderr]    Compiling libc v0.2.77
[INFO] [stderr]    Compiling getrandom v0.1.15
[INFO] [stderr]     Checking cfg-if v0.1.10
[INFO] [stderr]    Compiling typenum v1.12.0
[INFO] [stderr]    Compiling proc-macro-hack v0.5.18
[INFO] [stderr]     Checking ppv-lite86 v0.2.9
[INFO] [stderr]     Checking rawpointer v0.2.1
[INFO] [stderr]     Checking matrixmultiply v0.2.3
[INFO] [stderr]    Compiling num-traits v0.2.12
[INFO] [stderr]    Compiling num-complex v0.2.4
[INFO] [stderr]    Compiling num-integer v0.1.43
[INFO] [stderr]    Compiling num-rational v0.2.4
[INFO] [stderr]    Compiling paste-impl v0.1.18
[INFO] [stderr]     Checking rand_core v0.5.1
[INFO] [stderr]     Checking rand_chacha v0.2.2
[INFO] [stderr]     Checking approx v0.3.2
[INFO] [stderr]     Checking generic-array v0.13.2
[INFO] [stderr]     Checking rand v0.7.3
[INFO] [stderr]     Checking paste v0.1.18
[INFO] [stderr]     Checking simba v0.2.0
[INFO] [stderr]     Checking rand_distr v0.2.2
[INFO] [stderr]     Checking nalgebra v0.22.0
[INFO] [stderr]     Checking mri_proj v0.1.0 (/opt/rustwide/workdir)
[INFO] [stdout] error[E0432]: unresolved imports `na::DMat`, `na::DVec`
[INFO] [stdout]  --> src/approxl1_i0.rs:2:10
[INFO] [stdout]   |
[INFO] [stdout] 2 | use na::{DMat, DVec};
[INFO] [stdout]   |          ^^^^  ^^^^ no `DVec` in the root
[INFO] [stdout]   |          |
[INFO] [stdout]   |          no `DMat` in the root
[INFO] [stdout] 
[INFO] [stdout] 
[INFO] [stdout] error[E0432]: unresolved import `na::Iterable`
[INFO] [stdout]  --> src/approxl1_i0.rs:6:5
[INFO] [stdout]   |
[INFO] [stdout] 6 | use na::Iterable;
[INFO] [stdout]   |     ^^^^^^^^^^^^ no `Iterable` in the root
[INFO] [stdout] 
[INFO] [stdout] 
[INFO] [stdout] error[E0432]: unresolved import `na::DMat`
[INFO] [stdout]  --> src/matrix_math.rs:2:10
[INFO] [stdout]   |
[INFO] [stdout] 2 | use na::{DMat};
[INFO] [stdout]   |          ^^^^ no `DMat` in the root
[INFO] [stdout] 
[INFO] [stdout] 
[INFO] [stdout] error[E0432]: unresolved import `na::DMat`
[INFO] [stdout]  --> src/matlab_fun.rs:2:10
[INFO] [stdout]   |
[INFO] [stdout] 2 | use na::{DMat};
[INFO] [stdout]   |          ^^^^ no `DMat` in the root
[INFO] [stdout] 
[INFO] [stdout] 
[INFO] [stdout] error[E0432]: unresolved import `na::DMat`
[INFO] [stdout]  --> src/test.rs:2:10
[INFO] [stdout]   |
[INFO] [stdout] 2 | use na::{DMat};
[INFO] [stdout]   |          ^^^^ no `DMat` in the root
[INFO] [stdout] 
[INFO] [stdout] 
[INFO] [stdout] error[E0432]: unresolved import `na::Transpose`
[INFO] [stdout]  --> src/test.rs:3:5
[INFO] [stdout]   |
[INFO] [stdout] 3 | use na::Transpose;
[INFO] [stdout]   |     ^^^^---------
[INFO] [stdout]   |     |   |
[INFO] [stdout]   |     |   help: a similar name exists in the module: `Transform`
[INFO] [stdout]   |     no `Transpose` in the root
[INFO] [stdout] 
[INFO] [stdout] 
[INFO] [stdout] error[E0432]: unresolved import `na::DMat`
[INFO] [stdout]  --> src/correct_rice_gauss.rs:2:10
[INFO] [stdout]   |
[INFO] [stdout] 2 | use na::{DMat};
[INFO] [stdout]   |          ^^^^ no `DMat` in the root
[INFO] [stdout] 
[INFO] [stdout] 
[INFO] [stdout] error[E0432]: unresolved import `na::DMat`
[INFO] [stdout]  --> src/em_ml_rice2D.rs:2:10
[INFO] [stdout]   |
[INFO] [stdout] 2 | use na::{DMat};
[INFO] [stdout]   |          ^^^^ no `DMat` in the root
[INFO] [stdout] 
[INFO] [stdout] 
[INFO] [stdout] error[E0432]: unresolved import `na::DMat`
[INFO] [stdout]  --> src/filter2b.rs:2:10
[INFO] [stdout]   |
[INFO] [stdout] 2 | use na::{DMat};
[INFO] [stdout]   |          ^^^^ no `DMat` in the root
[INFO] [stdout] 
[INFO] [stdout] 
[INFO] [stdout] error[E0432]: unresolved import `na::DMat`
[INFO] [stdout]  --> src/rice_homomorf_est.rs:2:10
[INFO] [stdout]   |
[INFO] [stdout] 2 | use na::{DMat};
[INFO] [stdout]   |          ^^^^ no `DMat` in the root
[INFO] [stdout] 
[INFO] [stdout] 
[INFO] [stdout] error[E0432]: unresolved imports `na::RowSlice`, `na::ColSlice`
[INFO] [stdout]  --> src/lpf.rs:4:10
[INFO] [stdout]   |
[INFO] [stdout] 4 | use na::{RowSlice, ColSlice};
[INFO] [stdout]   |          ^^^^^^^^  ^^^^^^^^ no `ColSlice` in the root
[INFO] [stdout]   |          |
[INFO] [stdout]   |          no `RowSlice` in the root
[INFO] [stdout] 
[INFO] [stdout] 
[INFO] [stdout] error[E0432]: unresolved import `na::Transpose`
[INFO] [stdout]  --> src/lpf.rs:5:5
[INFO] [stdout]   |
[INFO] [stdout] 5 | use na::Transpose;
[INFO] [stdout]   |     ^^^^---------
[INFO] [stdout]   |     |   |
[INFO] [stdout]   |     |   help: a similar name exists in the module: `Transform`
[INFO] [stdout]   |     no `Transpose` in the root
[INFO] [stdout] 
[INFO] [stdout] 
[INFO] [stdout] error[E0433]: failed to resolve: could not find `DMat` in `na`
[INFO] [stdout]    --> src/matrix_math.rs:106:23
[INFO] [stdout]     |
[INFO] [stdout] 106 |     let mut mat = na::DMat::new_zeros(mat_src.nrows(), mat_src.ncols());
[INFO] [stdout]     |                       ^^^^ could not find `DMat` in `na`
[INFO] [stdout] 
[INFO] [stdout] 
[INFO] [stdout] error[E0433]: failed to resolve: could not find `DMat` in `na`
[INFO] [stdout]   --> src/test.rs:74:29
[INFO] [stdout]    |
[INFO] [stdout] 74 |     let mut test_img2 = na::DMat::from_col_vec(2, 2,
[INFO] [stdout]    |                             ^^^^ could not find `DMat` in `na`
[INFO] [stdout] 
[INFO] [stdout] 
[INFO] [stdout] error[E0433]: failed to resolve: could not find `DMat` in `na`
[INFO] [stdout]   --> src/test.rs:84:28
[INFO] [stdout]    |
[INFO] [stdout] 84 |     let mut test_img = na::DMat::from_elem(6, 6, 25.);
[INFO] [stdout]    |                            ^^^^ could not find `DMat` in `na`
[INFO] [stdout] 
[INFO] [stdout] 
[INFO] [stdout] error[E0433]: failed to resolve: could not find `DMat` in `na`
[INFO] [stdout]   --> src/test.rs:87:29
[INFO] [stdout]    |
[INFO] [stdout] 87 |     let mut test_img2 = na::DMat::from_col_vec(2, 2,
[INFO] [stdout]    |                             ^^^^ could not find `DMat` in `na`
[INFO] [stdout] 
[INFO] [stdout] 
[INFO] [stdout] error[E0433]: failed to resolve: could not find `DVec` in `na`
[INFO] [stdout]   --> src/test.rs:96:28
[INFO] [stdout]    |
[INFO] [stdout] 96 |     let mut test_vec = na::DVec::from_slice(6, &[25., 25., 25., 25., 25., 25.]);
[INFO] [stdout]    |                            ^^^^ could not find `DVec` in `na`
[INFO] [stdout] 
[INFO] [stdout] 
[INFO] [stdout] error[E0433]: failed to resolve: could not find `DVec` in `na`
[INFO] [stdout]    --> src/test.rs:100:29
[INFO] [stdout]     |
[INFO] [stdout] 100 |     let mut test_vec2 = na::DVec::from_slice(6, &[25., 25., 8.33, 25., 12.5, 0.]);
[INFO] [stdout]     |                             ^^^^ could not find `DVec` in `na`
[INFO] [stdout] 
[INFO] [stdout] 
[INFO] [stdout] error[E0433]: failed to resolve: could not find `DVec` in `na`
[INFO] [stdout]    --> src/test.rs:107:28
[INFO] [stdout]     |
[INFO] [stdout] 107 |     let mut test_vec = na::DVec::from_slice(6, &[25., 25., 25., 25., 25., 25.]);
[INFO] [stdout]     |                            ^^^^ could not find `DVec` in `na`
[INFO] [stdout] 
[INFO] [stdout] 
[INFO] [stdout] error[E0433]: failed to resolve: could not find `DVec` in `na`
[INFO] [stdout]    --> src/test.rs:111:29
[INFO] [stdout]     |
[INFO] [stdout] 111 |     let mut test_vec2 = na::DVec::from_slice(6, &[25., 25., 8.33, 25., 12.5, 0.]);
[INFO] [stdout]     |                             ^^^^ could not find `DVec` in `na`
[INFO] [stdout] 
[INFO] [stdout] 
[INFO] [stdout] error[E0433]: failed to resolve: could not find `DMat` in `na`
[INFO] [stdout]    --> src/test.rs:118:28
[INFO] [stdout]     |
[INFO] [stdout] 118 |     let mut test_mat = na::DMat::from_elem(3, 3, 25.);
[INFO] [stdout]     |                            ^^^^ could not find `DMat` in `na`
[INFO] [stdout] 
[INFO] [stdout] 
[INFO] [stdout] error[E0433]: failed to resolve: could not find `DMat` in `na`
[INFO] [stdout]    --> src/test.rs:121:29
[INFO] [stdout]     |
[INFO] [stdout] 121 |     let mut test_mat2 = na::DMat::from_row_vec(3, 3, &[3., 0., 3., 2., 2., 1., 0.5, 0.7, 5.]);
[INFO] [stdout]     |                             ^^^^ could not find `DMat` in `na`
[INFO] [stdout] 
[INFO] [stdout] 
[INFO] [stdout] error[E0433]: failed to resolve: could not find `DMat` in `na`
[INFO] [stdout]    --> src/test.rs:126:28
[INFO] [stdout]     |
[INFO] [stdout] 126 |     let mut test_mat = na::DMat::from_elem(3, 3, 25.);
[INFO] [stdout]     |                            ^^^^ could not find `DMat` in `na`
[INFO] [stdout] 
[INFO] [stdout] 
[INFO] [stdout] error[E0433]: failed to resolve: could not find `DMat` in `na`
[INFO] [stdout]    --> src/test.rs:129:29
[INFO] [stdout]     |
[INFO] [stdout] 129 |     let mut test_mat2 = na::DMat::from_row_vec(3, 3, &[3., 0., 3., 2., 2., 1., 0.5, 0.7, 5.]);
[INFO] [stdout]     |                             ^^^^ could not find `DMat` in `na`
[INFO] [stdout] 
[INFO] [stdout] 
[INFO] [stdout] error[E0433]: failed to resolve: could not find `DMat` in `na`
[INFO] [stdout]    --> src/test.rs:135:29
[INFO] [stdout]     |
[INFO] [stdout] 135 |     let mut test_mat2 = na::DMat::from_row_vec(3, 3, &[3., 0., 3., 2., 2., 1., 0.5, 0.7, 5.]);
[INFO] [stdout]     |                             ^^^^ could not find `DMat` in `na`
[INFO] [stdout] 
[INFO] [stdout] 
[INFO] [stdout] error[E0433]: failed to resolve: could not find `DMat` in `na`
[INFO] [stdout]   --> src/filter2b.rs:10:20
[INFO] [stdout]    |
[INFO] [stdout] 10 |     let mask = na::DMat::from_elem(mask_size, mask_size, mask_val);
[INFO] [stdout]    |                    ^^^^ could not find `DMat` in `na`
[INFO] [stdout] 
[INFO] [stdout] 
[INFO] [stdout] error[E0433]: failed to resolve: could not find `DMat` in `na`
[INFO] [stdout]   --> src/lpf.rs:80:23
[INFO] [stdout]    |
[INFO] [stdout] 80 |     let mut mat = na::DMat::new_zeros(rows, cols);
[INFO] [stdout]    |                       ^^^^ could not find `DMat` in `na`
[INFO] [stdout] 
[INFO] [stdout] 
[INFO] [stdout] error[E0433]: failed to resolve: could not find `DMat` in `na`
[INFO] [stdout]  --> src/utils.rs:8:23
[INFO] [stdout]   |
[INFO] [stdout] 8 |     let mut mat = na::DMat::new_zeros(256, 256);
[INFO] [stdout]   |                       ^^^^ could not find `DMat` in `na`
[INFO] [stdout] 
[INFO] [stdout] 
[INFO] [stdout] error[E0412]: cannot find type `DMat` in crate `na`
[INFO] [stdout]    --> src/matrix_math.rs:105:33
[INFO] [stdout]     |
[INFO] [stdout] 105 | pub fn mat_map<F>(mat_src: &na::DMat<f64>, mut f: F) -> na::DMat<f64> where F: FnMut(f64) -> f64 {
[INFO] [stdout]     |                                 ^^^^ not found in `na`
[INFO] [stdout] 
[INFO] [stdout] 
[INFO] [stdout] error[E0412]: cannot find type `DMat` in crate `na`
[INFO] [stdout]    --> src/matrix_math.rs:105:61
[INFO] [stdout]     |
[INFO] [stdout] 105 | pub fn mat_map<F>(mat_src: &na::DMat<f64>, mut f: F) -> na::DMat<f64> where F: FnMut(f64) -> f64 {
[INFO] [stdout]     |                                                             ^^^^ not found in `na`
[INFO] [stdout] 
[INFO] [stdout] 
[INFO] [stdout] error[E0412]: cannot find type `DMat` in crate `na`
[INFO] [stdout]    --> src/matrix_math.rs:115:36
[INFO] [stdout]     |
[INFO] [stdout] 115 | pub fn mat_map_mut<F>(mut mat: na::DMat<f64>, mut f: F) -> na::DMat<f64> where F: FnMut(f64) -> f64 {
[INFO] [stdout]     |                                    ^^^^ not found in `na`
[INFO] [stdout] 
[INFO] [stdout] 
[INFO] [stdout] error[E0412]: cannot find type `DMat` in crate `na`
[INFO] [stdout]    --> src/matrix_math.rs:115:64
[INFO] [stdout]     |
[INFO] [stdout] 115 | pub fn mat_map_mut<F>(mut mat: na::DMat<f64>, mut f: F) -> na::DMat<f64> where F: FnMut(f64) -> f64 {
[INFO] [stdout]     |                                                                ^^^^ not found in `na`
[INFO] [stdout] 
[INFO] [stdout] 
[INFO] [stdout] error[E0412]: cannot find type `DMat` in crate `na`
[INFO] [stdout]    --> src/matrix_math.rs:124:57
[INFO] [stdout]     |
[INFO] [stdout] 124 | pub fn mat_max<N : Clone + Copy + PartialOrd>(mat: &na::DMat<N>) -> N {
[INFO] [stdout]     |                                                         ^^^^ not found in `na`
[INFO] [stdout] 
[INFO] [stdout] 
[INFO] [stdout] error[E0412]: cannot find type `DMat` in crate `na`
[INFO] [stdout]  --> src/filter2b.rs:6:36
[INFO] [stdout]   |
[INFO] [stdout] 6 | pub fn filter_img(image_src : &na::DMat<f64>, mask_size : usize, mask_val : f64) -> na::DMat<f64> {
[INFO] [stdout]   |                                    ^^^^ not found in `na`
[INFO] [stdout] 
[INFO] [stdout] 
[INFO] [stdout] error[E0412]: cannot find type `DMat` in crate `na`
[INFO] [stdout]  --> src/filter2b.rs:6:89
[INFO] [stdout]   |
[INFO] [stdout] 6 | pub fn filter_img(image_src : &na::DMat<f64>, mask_size : usize, mask_val : f64) -> na::DMat<f64> {
[INFO] [stdout]   |                                                                                         ^^^^ not found in `na`
[INFO] [stdout] 
[INFO] [stdout] 
[INFO] [stdout] error[E0412]: cannot find type `DVec` in crate `na`
[INFO] [stdout]  --> src/lpf.rs:7:33
[INFO] [stdout]   |
[INFO] [stdout] 7 | pub fn dct_inplace(y : &mut na::DVec<f64>) {
[INFO] [stdout]   |                                 ^^^^ not found in `na`
[INFO] [stdout] 
[INFO] [stdout] 
[INFO] [stdout] error[E0412]: cannot find type `DVec` in crate `na`
[INFO] [stdout]   --> src/lpf.rs:23:34
[INFO] [stdout]    |
[INFO] [stdout] 23 | pub fn idct_inplace(y : &mut na::DVec<f64>) {
[INFO] [stdout]    |                                  ^^^^ not found in `na`
[INFO] [stdout] 
[INFO] [stdout] 
[INFO] [stdout] error[E0412]: cannot find type `DMat` in crate `na`
[INFO] [stdout]   --> src/lpf.rs:35:28
[INFO] [stdout]    |
[INFO] [stdout] 35 | pub fn dct2(mat_src : &na::DMat<f64>) -> na::DMat<f64>  {
[INFO] [stdout]    |                            ^^^^ not found in `na`
[INFO] [stdout] 
[INFO] [stdout] 
[INFO] [stdout] error[E0412]: cannot find type `DMat` in crate `na`
[INFO] [stdout]   --> src/lpf.rs:35:46
[INFO] [stdout]    |
[INFO] [stdout] 35 | pub fn dct2(mat_src : &na::DMat<f64>) -> na::DMat<f64>  {
[INFO] [stdout]    |                                              ^^^^ not found in `na`
[INFO] [stdout] 
[INFO] [stdout] 
[INFO] [stdout] error[E0412]: cannot find type `DMat` in crate `na`
[INFO] [stdout]   --> src/lpf.rs:58:29
[INFO] [stdout]    |
[INFO] [stdout] 58 | pub fn idct2(mat_src : &na::DMat<f64>) -> na::DMat<f64>  {
[INFO] [stdout]    |                             ^^^^ not found in `na`
[INFO] [stdout] 
[INFO] [stdout] 
[INFO] [stdout] error[E0412]: cannot find type `DMat` in crate `na`
[INFO] [stdout]   --> src/lpf.rs:58:47
[INFO] [stdout]    |
[INFO] [stdout] 58 | pub fn idct2(mat_src : &na::DMat<f64>) -> na::DMat<f64>  {
[INFO] [stdout]    |                                               ^^^^ not found in `na`
[INFO] [stdout] 
[INFO] [stdout] 
[INFO] [stdout] error[E0412]: cannot find type `DMat` in crate `na`
[INFO] [stdout]   --> src/lpf.rs:77:68
[INFO] [stdout]    |
[INFO] [stdout] 77 | fn gaussian_filter(rows : usize, cols : usize, sigma : f64) -> na::DMat<f64> {
[INFO] [stdout]    |                                                                    ^^^^ not found in `na`
[INFO] [stdout] 
[INFO] [stdout] 
[INFO] [stdout] error[E0412]: cannot find type `DMat` in crate `na`
[INFO] [stdout]   --> src/lpf.rs:95:23
[INFO] [stdout]    |
[INFO] [stdout] 95 | pub fn lpf2(mat : na::DMat<f64>, sigma : f64) -> na::DMat<f64> {
[INFO] [stdout]    |                       ^^^^ not found in `na`
[INFO] [stdout] 
[INFO] [stdout] 
[INFO] [stdout] error[E0412]: cannot find type `DMat` in crate `na`
[INFO] [stdout]   --> src/lpf.rs:95:54
[INFO] [stdout]    |
[INFO] [stdout] 95 | pub fn lpf2(mat : na::DMat<f64>, sigma : f64) -> na::DMat<f64> {
[INFO] [stdout]    |                                                      ^^^^ not found in `na`
[INFO] [stdout] 
[INFO] [stdout] 
[INFO] [stdout] error[E0412]: cannot find type `DMat` in crate `na`
[INFO] [stdout]  --> src/utils.rs:7:41
[INFO] [stdout]   |
[INFO] [stdout] 7 | pub fn load_image(path : String) -> na::DMat<f64> {
[INFO] [stdout]   |                                         ^^^^ not found in `na`
[INFO] [stdout] 
[INFO] [stdout] 
[INFO] [stdout] error[E0412]: cannot find type `DMat` in crate `na`
[INFO] [stdout]   --> src/utils.rs:29:30
[INFO] [stdout]    |
[INFO] [stdout] 29 | pub fn save_image(img : &na::DMat<f64>, path : String) {
[INFO] [stdout]    |                              ^^^^ not found in `na`
[INFO] [stdout] 
[INFO] [stdout] 
[INFO] [stdout] error[E0432]: unresolved imports `na::DMat`, `na::DVec`
[INFO] [stdout]  --> src/approxl1_i0.rs:2:10
[INFO] [stdout]   |
[INFO] [stdout] 2 | use na::{DMat, DVec};
[INFO] [stdout]   |          ^^^^  ^^^^ no `DVec` in the root
[INFO] [stdout]   |          |
[INFO] [stdout]   |          no `DMat` in the root
[INFO] [stdout] 
[INFO] [stdout] 
[INFO] [stdout] error[E0432]: unresolved import `na::Iterable`
[INFO] [stdout]  --> src/approxl1_i0.rs:6:5
[INFO] [stdout]   |
[INFO] [stdout] 6 | use na::Iterable;
[INFO] [stdout]   |     ^^^^^^^^^^^^ no `Iterable` in the root
[INFO] [stdout] 
[INFO] [stdout] 
[INFO] [stdout] error[E0432]: unresolved import `na::DMat`
[INFO] [stdout]  --> src/matrix_math.rs:2:10
[INFO] [stdout]   |
[INFO] [stdout] 2 | use na::{DMat};
[INFO] [stdout]   |          ^^^^ no `DMat` in the root
[INFO] [stdout] 
[INFO] [stdout] 
[INFO] [stdout] error[E0432]: unresolved import `na::DMat`
[INFO] [stdout]  --> src/matlab_fun.rs:2:10
[INFO] [stdout]   |
[INFO] [stdout] 2 | use na::{DMat};
[INFO] [stdout]   |          ^^^^ no `DMat` in the root
[INFO] [stdout] 
[INFO] [stdout] 
[INFO] [stdout] warning: unused import: `std::f64::consts::PI`
[INFO] [stdout]  --> src/matrix_math.rs:3:5
[INFO] [stdout]   |
[INFO] [stdout] 3 | use std::f64::consts::PI;
[INFO] [stdout]   |     ^^^^^^^^^^^^^^^^^^^^
[INFO] [stdout]   |
[INFO] [stdout]   = note: `#[warn(unused_imports)]` on by default
[INFO] [stdout] 
[INFO] [stdout] 
[INFO] [stdout] error[E0432]: unresolved import `na::DMat`
[INFO] [stdout]  --> src/test.rs:2:10
[INFO] [stdout]   |
[INFO] [stdout] 2 | use na::{DMat};
[INFO] [stdout]   |          ^^^^ no `DMat` in the root
[INFO] [stdout] 
[INFO] [stdout] 
[INFO] [stdout] error[E0432]: unresolved import `na::Transpose`
[INFO] [stdout]  --> src/test.rs:3:5
[INFO] [stdout]   |
[INFO] [stdout] 3 | use na::Transpose;
[INFO] [stdout]   |     ^^^^---------
[INFO] [stdout]   |     |   |
[INFO] [stdout]   |     |   help: a similar name exists in the module: `Transform`
[INFO] [stdout]   |     no `Transpose` in the root
[INFO] [stdout] 
[INFO] [stdout] 
[INFO] [stdout] error[E0432]: unresolved import `na::DMat`
[INFO] [stdout]  --> src/correct_rice_gauss.rs:2:10
[INFO] [stdout]   |
[INFO] [stdout] 2 | use na::{DMat};
[INFO] [stdout]   |          ^^^^ no `DMat` in the root
[INFO] [stdout] 
[INFO] [stdout] 
[INFO] [stdout] warning: unused import: `std::ops::*`
[INFO] [stdout]  --> src/matlab_fun.rs:3:5
[INFO] [stdout]   |
[INFO] [stdout] 3 | use std::ops::*;
[INFO] [stdout]   |     ^^^^^^^^^^^
[INFO] [stdout] 
[INFO] [stdout] 
[INFO] [stdout] warning: unused import: `rice_homomorf_est`
[INFO] [stdout]  --> src/test.rs:8:5
[INFO] [stdout]   |
[INFO] [stdout] 8 | use rice_homomorf_est;
[INFO] [stdout]   |     ^^^^^^^^^^^^^^^^^
[INFO] [stdout] 
[INFO] [stdout] 
[INFO] [stdout] warning: unused import: `save_image`
[INFO] [stdout]   --> src/test.rs:10:25
[INFO] [stdout]    |
[INFO] [stdout] 10 | use utils::{load_image, save_image};
[INFO] [stdout]    |                         ^^^^^^^^^^
[INFO] [stdout] 
[INFO] [stdout] 
[INFO] [stdout] warning: unused import: `std::ops::*`
[INFO] [stdout]  --> src/correct_rice_gauss.rs:3:5
[INFO] [stdout]   |
[INFO] [stdout] 3 | use std::ops::*;
[INFO] [stdout]   |     ^^^^^^^^^^^
[INFO] [stdout] 
[INFO] [stdout] 
[INFO] [stdout] warning: unused import: `std::ops::*`
[INFO] [stdout]  --> src/filter2b.rs:4:5
[INFO] [stdout]   |
[INFO] [stdout] 4 | use std::ops::*;
[INFO] [stdout]   |     ^^^^^^^^^^^
[INFO] [stdout] 
[INFO] [stdout] 
[INFO] [stdout] warning: unused import: `utils`
[INFO] [stdout]   --> src/rice_homomorf_est.rs:11:5
[INFO] [stdout]    |
[INFO] [stdout] 11 | use utils;
[INFO] [stdout]    |     ^^^^^
[INFO] [stdout] 
[INFO] [stdout] 
[INFO] [stdout] warning: unnecessary parentheses around `if` condition
[INFO] [stdout]   --> src/rice_homomorf_est.rs:75:5
[INFO] [stdout]    |
[INFO] [stdout] 75 |         if(mat[(r,c)] ==  0.0 ) {
[INFO] [stdout]    |           ^^^^^^^^^^^^^^^^^^^^^ help: remove these parentheses
[INFO] [stdout]    |
[INFO] [stdout]    = note: `#[warn(unused_parens)]` on by default
[INFO] [stdout] 
[INFO] [stdout] 
[INFO] [stdout] warning: unnecessary parentheses around assigned value
[INFO] [stdout]   --> src/lpf.rs:85:27
[INFO] [stdout]    |
[INFO] [stdout] 85 |               mat[(y, x)] = (
[INFO] [stdout]    |  ___________________________^
[INFO] [stdout] 86 | |                 (-(xv * xv + yv * yv) / (2f64 * sigma * sigma)).exp()
[INFO] [stdout] 87 | |                 );
[INFO] [stdout]    | |_________________^ help: remove these parentheses
[INFO] [stdout] 
[INFO] [stdout] 
[INFO] [stdout] error[E0432]: unresolved import `na::DMat`
[INFO] [stdout]  --> src/em_ml_rice2D.rs:2:10
[INFO] [stdout]   |
[INFO] [stdout] 2 | use na::{DMat};
[INFO] [stdout]   |          ^^^^ no `DMat` in the root
[INFO] [stdout] 
[INFO] [stdout] 
[INFO] [stdout] error[E0432]: unresolved import `na::DMat`
[INFO] [stdout]  --> src/filter2b.rs:2:10
[INFO] [stdout]   |
[INFO] [stdout] 2 | use na::{DMat};
[INFO] [stdout]   |          ^^^^ no `DMat` in the root
[INFO] [stdout] 
[INFO] [stdout] 
[INFO] [stdout] error[E0432]: unresolved import `na::DMat`
[INFO] [stdout]  --> src/rice_homomorf_est.rs:2:10
[INFO] [stdout]   |
[INFO] [stdout] 2 | use na::{DMat};
[INFO] [stdout]   |          ^^^^ no `DMat` in the root
[INFO] [stdout] 
[INFO] [stdout] 
[INFO] [stdout] error[E0432]: unresolved imports `na::RowSlice`, `na::ColSlice`
[INFO] [stdout]  --> src/lpf.rs:4:10
[INFO] [stdout]   |
[INFO] [stdout] 4 | use na::{RowSlice, ColSlice};
[INFO] [stdout]   |          ^^^^^^^^  ^^^^^^^^ no `ColSlice` in the root
[INFO] [stdout]   |          |
[INFO] [stdout]   |          no `RowSlice` in the root
[INFO] [stdout] 
[INFO] [stdout] 
[INFO] [stdout] error[E0432]: unresolved import `na::Transpose`
[INFO] [stdout]  --> src/lpf.rs:5:5
[INFO] [stdout]   |
[INFO] [stdout] 5 | use na::Transpose;
[INFO] [stdout]   |     ^^^^---------
[INFO] [stdout]   |     |   |
[INFO] [stdout]   |     |   help: a similar name exists in the module: `Transform`
[INFO] [stdout]   |     no `Transpose` in the root
[INFO] [stdout] 
[INFO] [stdout] 
[INFO] [stdout] error[E0433]: failed to resolve: could not find `DMat` in `na`
[INFO] [stdout]    --> src/matrix_math.rs:106:23
[INFO] [stdout]     |
[INFO] [stdout] 106 |     let mut mat = na::DMat::new_zeros(mat_src.nrows(), mat_src.ncols());
[INFO] [stdout]     |                       ^^^^ could not find `DMat` in `na`
[INFO] [stdout] 
[INFO] [stdout] 
[INFO] [stdout] error[E0433]: failed to resolve: could not find `DMat` in `na`
[INFO] [stdout]   --> src/test.rs:74:29
[INFO] [stdout]    |
[INFO] [stdout] 74 |     let mut test_img2 = na::DMat::from_col_vec(2, 2,
[INFO] [stdout]    |                             ^^^^ could not find `DMat` in `na`
[INFO] [stdout] 
[INFO] [stdout] 
[INFO] [stdout] error[E0433]: failed to resolve: could not find `DMat` in `na`
[INFO] [stdout]   --> src/test.rs:84:28
[INFO] [stdout]    |
[INFO] [stdout] 84 |     let mut test_img = na::DMat::from_elem(6, 6, 25.);
[INFO] [stdout]    |                            ^^^^ could not find `DMat` in `na`
[INFO] [stdout] 
[INFO] [stdout] 
[INFO] [stdout] error[E0433]: failed to resolve: could not find `DMat` in `na`
[INFO] [stdout]   --> src/test.rs:87:29
[INFO] [stdout]    |
[INFO] [stdout] 87 |     let mut test_img2 = na::DMat::from_col_vec(2, 2,
[INFO] [stdout]    |                             ^^^^ could not find `DMat` in `na`
[INFO] [stdout] 
[INFO] [stdout] 
[INFO] [stdout] error[E0433]: failed to resolve: could not find `DVec` in `na`
[INFO] [stdout]   --> src/test.rs:96:28
[INFO] [stdout]    |
[INFO] [stdout] 96 |     let mut test_vec = na::DVec::from_slice(6, &[25., 25., 25., 25., 25., 25.]);
[INFO] [stdout]    |                            ^^^^ could not find `DVec` in `na`
[INFO] [stdout] 
[INFO] [stdout] 
[INFO] [stdout] error[E0433]: failed to resolve: could not find `DVec` in `na`
[INFO] [stdout]    --> src/test.rs:100:29
[INFO] [stdout]     |
[INFO] [stdout] 100 |     let mut test_vec2 = na::DVec::from_slice(6, &[25., 25., 8.33, 25., 12.5, 0.]);
[INFO] [stdout]     |                             ^^^^ could not find `DVec` in `na`
[INFO] [stdout] 
[INFO] [stdout] 
[INFO] [stdout] error[E0433]: failed to resolve: could not find `DVec` in `na`
[INFO] [stdout]    --> src/test.rs:107:28
[INFO] [stdout]     |
[INFO] [stdout] 107 |     let mut test_vec = na::DVec::from_slice(6, &[25., 25., 25., 25., 25., 25.]);
[INFO] [stdout]     |                            ^^^^ could not find `DVec` in `na`
[INFO] [stdout] 
[INFO] [stdout] 
[INFO] [stdout] error[E0433]: failed to resolve: could not find `DVec` in `na`
[INFO] [stdout]    --> src/test.rs:111:29
[INFO] [stdout]     |
[INFO] [stdout] 111 |     let mut test_vec2 = na::DVec::from_slice(6, &[25., 25., 8.33, 25., 12.5, 0.]);
[INFO] [stdout]     |                             ^^^^ could not find `DVec` in `na`
[INFO] [stdout] 
[INFO] [stdout] 
[INFO] [stdout] error[E0433]: failed to resolve: could not find `DMat` in `na`
[INFO] [stdout]    --> src/test.rs:118:28
[INFO] [stdout]     |
[INFO] [stdout] 118 |     let mut test_mat = na::DMat::from_elem(3, 3, 25.);
[INFO] [stdout]     |                            ^^^^ could not find `DMat` in `na`
[INFO] [stdout] 
[INFO] [stdout] 
[INFO] [stdout] error[E0433]: failed to resolve: could not find `DMat` in `na`
[INFO] [stdout]    --> src/test.rs:121:29
[INFO] [stdout]     |
[INFO] [stdout] 121 |     let mut test_mat2 = na::DMat::from_row_vec(3, 3, &[3., 0., 3., 2., 2., 1., 0.5, 0.7, 5.]);
[INFO] [stdout]     |                             ^^^^ could not find `DMat` in `na`
[INFO] [stdout] 
[INFO] [stdout] 
[INFO] [stdout] error[E0433]: failed to resolve: could not find `DMat` in `na`
[INFO] [stdout]    --> src/test.rs:126:28
[INFO] [stdout]     |
[INFO] [stdout] 126 |     let mut test_mat = na::DMat::from_elem(3, 3, 25.);
[INFO] [stdout]     |                            ^^^^ could not find `DMat` in `na`
[INFO] [stdout] 
[INFO] [stdout] 
[INFO] [stdout] error[E0433]: failed to resolve: could not find `DMat` in `na`
[INFO] [stdout]    --> src/test.rs:129:29
[INFO] [stdout]     |
[INFO] [stdout] 129 |     let mut test_mat2 = na::DMat::from_row_vec(3, 3, &[3., 0., 3., 2., 2., 1., 0.5, 0.7, 5.]);
[INFO] [stdout]     |                             ^^^^ could not find `DMat` in `na`
[INFO] [stdout] 
[INFO] [stdout] 
[INFO] [stdout] error[E0433]: failed to resolve: could not find `DMat` in `na`
[INFO] [stdout]    --> src/test.rs:135:29
[INFO] [stdout]     |
[INFO] [stdout] 135 |     let mut test_mat2 = na::DMat::from_row_vec(3, 3, &[3., 0., 3., 2., 2., 1., 0.5, 0.7, 5.]);
[INFO] [stdout]     |                             ^^^^ could not find `DMat` in `na`
[INFO] [stdout] 
[INFO] [stdout] 
[INFO] [stdout] error[E0433]: failed to resolve: could not find `DMat` in `na`
[INFO] [stdout]   --> src/filter2b.rs:10:20
[INFO] [stdout]    |
[INFO] [stdout] 10 |     let mask = na::DMat::from_elem(mask_size, mask_size, mask_val);
[INFO] [stdout]    |                    ^^^^ could not find `DMat` in `na`
[INFO] [stdout] 
[INFO] [stdout] 
[INFO] [stdout] error[E0433]: failed to resolve: could not find `DMat` in `na`
[INFO] [stdout]   --> src/lpf.rs:80:23
[INFO] [stdout]    |
[INFO] [stdout] 80 |     let mut mat = na::DMat::new_zeros(rows, cols);
[INFO] [stdout]    |                       ^^^^ could not find `DMat` in `na`
[INFO] [stdout] 
[INFO] [stdout] 
[INFO] [stdout] error[E0433]: failed to resolve: could not find `DMat` in `na`
[INFO] [stdout]  --> src/utils.rs:8:23
[INFO] [stdout]   |
[INFO] [stdout] 8 |     let mut mat = na::DMat::new_zeros(256, 256);
[INFO] [stdout]   |                       ^^^^ could not find `DMat` in `na`
[INFO] [stdout] 
[INFO] [stdout] 
[INFO] [stdout] error[E0412]: cannot find type `DMat` in crate `na`
[INFO] [stdout]    --> src/matrix_math.rs:105:33
[INFO] [stdout]     |
[INFO] [stdout] 105 | pub fn mat_map<F>(mat_src: &na::DMat<f64>, mut f: F) -> na::DMat<f64> where F: FnMut(f64) -> f64 {
[INFO] [stdout]     |                                 ^^^^ not found in `na`
[INFO] [stdout] 
[INFO] [stdout] 
[INFO] [stdout] error[E0412]: cannot find type `DMat` in crate `na`
[INFO] [stdout]    --> src/matrix_math.rs:105:61
[INFO] [stdout]     |
[INFO] [stdout] 105 | pub fn mat_map<F>(mat_src: &na::DMat<f64>, mut f: F) -> na::DMat<f64> where F: FnMut(f64) -> f64 {
[INFO] [stdout]     |                                                             ^^^^ not found in `na`
[INFO] [stdout] 
[INFO] [stdout] 
[INFO] [stdout] error[E0412]: cannot find type `DMat` in crate `na`
[INFO] [stdout]    --> src/matrix_math.rs:115:36
[INFO] [stdout]     |
[INFO] [stdout] 115 | pub fn mat_map_mut<F>(mut mat: na::DMat<f64>, mut f: F) -> na::DMat<f64> where F: FnMut(f64) -> f64 {
[INFO] [stdout]     |                                    ^^^^ not found in `na`
[INFO] [stdout] 
[INFO] [stdout] 
[INFO] [stdout] error[E0412]: cannot find type `DMat` in crate `na`
[INFO] [stdout]    --> src/matrix_math.rs:115:64
[INFO] [stdout]     |
[INFO] [stdout] 115 | pub fn mat_map_mut<F>(mut mat: na::DMat<f64>, mut f: F) -> na::DMat<f64> where F: FnMut(f64) -> f64 {
[INFO] [stdout]     |                                                                ^^^^ not found in `na`
[INFO] [stdout] 
[INFO] [stdout] 
[INFO] [stdout] error[E0412]: cannot find type `DMat` in crate `na`
[INFO] [stdout]    --> src/matrix_math.rs:124:57
[INFO] [stdout]     |
[INFO] [stdout] 124 | pub fn mat_max<N : Clone + Copy + PartialOrd>(mat: &na::DMat<N>) -> N {
[INFO] [stdout]     |                                                         ^^^^ not found in `na`
[INFO] [stdout] 
[INFO] [stdout] 
[INFO] [stdout] error[E0412]: cannot find type `DMat` in crate `na`
[INFO] [stdout]  --> src/filter2b.rs:6:36
[INFO] [stdout]   |
[INFO] [stdout] 6 | pub fn filter_img(image_src : &na::DMat<f64>, mask_size : usize, mask_val : f64) -> na::DMat<f64> {
[INFO] [stdout]   |                                    ^^^^ not found in `na`
[INFO] [stdout] 
[INFO] [stdout] 
[INFO] [stdout] error[E0412]: cannot find type `DMat` in crate `na`
[INFO] [stdout]  --> src/filter2b.rs:6:89
[INFO] [stdout]   |
[INFO] [stdout] 6 | pub fn filter_img(image_src : &na::DMat<f64>, mask_size : usize, mask_val : f64) -> na::DMat<f64> {
[INFO] [stdout]   |                                                                                         ^^^^ not found in `na`
[INFO] [stdout] 
[INFO] [stdout] 
[INFO] [stdout] error[E0412]: cannot find type `DVec` in crate `na`
[INFO] [stdout]  --> src/lpf.rs:7:33
[INFO] [stdout]   |
[INFO] [stdout] 7 | pub fn dct_inplace(y : &mut na::DVec<f64>) {
[INFO] [stdout]   |                                 ^^^^ not found in `na`
[INFO] [stdout] 
[INFO] [stdout] 
[INFO] [stdout] error[E0412]: cannot find type `DVec` in crate `na`
[INFO] [stdout]   --> src/lpf.rs:23:34
[INFO] [stdout]    |
[INFO] [stdout] 23 | pub fn idct_inplace(y : &mut na::DVec<f64>) {
[INFO] [stdout]    |                                  ^^^^ not found in `na`
[INFO] [stdout] 
[INFO] [stdout] 
[INFO] [stdout] error[E0412]: cannot find type `DMat` in crate `na`
[INFO] [stdout]   --> src/lpf.rs:35:28
[INFO] [stdout]    |
[INFO] [stdout] 35 | pub fn dct2(mat_src : &na::DMat<f64>) -> na::DMat<f64>  {
[INFO] [stdout]    |                            ^^^^ not found in `na`
[INFO] [stdout] 
[INFO] [stdout] 
[INFO] [stdout] error[E0412]: cannot find type `DMat` in crate `na`
[INFO] [stdout]   --> src/lpf.rs:35:46
[INFO] [stdout]    |
[INFO] [stdout] 35 | pub fn dct2(mat_src : &na::DMat<f64>) -> na::DMat<f64>  {
[INFO] [stdout]    |                                              ^^^^ not found in `na`
[INFO] [stdout] 
[INFO] [stdout] 
[INFO] [stdout] error[E0412]: cannot find type `DMat` in crate `na`
[INFO] [stdout]   --> src/lpf.rs:58:29
[INFO] [stdout]    |
[INFO] [stdout] 58 | pub fn idct2(mat_src : &na::DMat<f64>) -> na::DMat<f64>  {
[INFO] [stdout]    |                             ^^^^ not found in `na`
[INFO] [stdout] 
[INFO] [stdout] 
[INFO] [stdout] error[E0412]: cannot find type `DMat` in crate `na`
[INFO] [stdout]   --> src/lpf.rs:58:47
[INFO] [stdout]    |
[INFO] [stdout] 58 | pub fn idct2(mat_src : &na::DMat<f64>) -> na::DMat<f64>  {
[INFO] [stdout]    |                                               ^^^^ not found in `na`
[INFO] [stdout] 
[INFO] [stdout] 
[INFO] [stdout] error[E0412]: cannot find type `DMat` in crate `na`
[INFO] [stdout]   --> src/lpf.rs:77:68
[INFO] [stdout]    |
[INFO] [stdout] 77 | fn gaussian_filter(rows : usize, cols : usize, sigma : f64) -> na::DMat<f64> {
[INFO] [stdout]    |                                                                    ^^^^ not found in `na`
[INFO] [stdout] 
[INFO] [stdout] 
[INFO] [stdout] error[E0412]: cannot find type `DMat` in crate `na`
[INFO] [stdout]   --> src/lpf.rs:95:23
[INFO] [stdout]    |
[INFO] [stdout] 95 | pub fn lpf2(mat : na::DMat<f64>, sigma : f64) -> na::DMat<f64> {
[INFO] [stdout]    |                       ^^^^ not found in `na`
[INFO] [stdout] 
[INFO] [stdout] 
[INFO] [stdout] error[E0412]: cannot find type `DMat` in crate `na`
[INFO] [stdout]   --> src/lpf.rs:95:54
[INFO] [stdout]    |
[INFO] [stdout] 95 | pub fn lpf2(mat : na::DMat<f64>, sigma : f64) -> na::DMat<f64> {
[INFO] [stdout]    |                                                      ^^^^ not found in `na`
[INFO] [stdout] 
[INFO] [stdout] 
[INFO] [stdout] error[E0412]: cannot find type `DMat` in crate `na`
[INFO] [stdout]  --> src/utils.rs:7:41
[INFO] [stdout]   |
[INFO] [stdout] 7 | pub fn load_image(path : String) -> na::DMat<f64> {
[INFO] [stdout]   |                                         ^^^^ not found in `na`
[INFO] [stdout] 
[INFO] [stdout] 
[INFO] [stdout] error[E0412]: cannot find type `DMat` in crate `na`
[INFO] [stdout]   --> src/utils.rs:29:30
[INFO] [stdout]    |
[INFO] [stdout] 29 | pub fn save_image(img : &na::DMat<f64>, path : String) {
[INFO] [stdout]    |                              ^^^^ not found in `na`
[INFO] [stdout] 
[INFO] [stdout] 
[INFO] [stdout] warning: unused import: `std::f64::consts::PI`
[INFO] [stdout]  --> src/matrix_math.rs:3:5
[INFO] [stdout]   |
[INFO] [stdout] 3 | use std::f64::consts::PI;
[INFO] [stdout]   |     ^^^^^^^^^^^^^^^^^^^^
[INFO] [stdout]   |
[INFO] [stdout]   = note: `#[warn(unused_imports)]` on by default
[INFO] [stdout] 
[INFO] [stdout] 
[INFO] [stdout] warning: unused import: `std::ops::*`
[INFO] [stdout]  --> src/matlab_fun.rs:3:5
[INFO] [stdout]   |
[INFO] [stdout] 3 | use std::ops::*;
[INFO] [stdout]   |     ^^^^^^^^^^^
[INFO] [stdout] 
[INFO] [stdout] 
[INFO] [stdout] warning: unused import: `rice_homomorf_est`
[INFO] [stdout]  --> src/test.rs:8:5
[INFO] [stdout]   |
[INFO] [stdout] 8 | use rice_homomorf_est;
[INFO] [stdout]   |     ^^^^^^^^^^^^^^^^^
[INFO] [stdout] 
[INFO] [stdout] 
[INFO] [stdout] warning: unused import: `save_image`
[INFO] [stdout]   --> src/test.rs:10:25
[INFO] [stdout]    |
[INFO] [stdout] 10 | use utils::{load_image, save_image};
[INFO] [stdout]    |                         ^^^^^^^^^^
[INFO] [stdout] 
[INFO] [stdout] 
[INFO] [stdout] warning: unused import: `std::ops::*`
[INFO] [stdout]  --> src/correct_rice_gauss.rs:3:5
[INFO] [stdout]   |
[INFO] [stdout] 3 | use std::ops::*;
[INFO] [stdout]   |     ^^^^^^^^^^^
[INFO] [stdout] 
[INFO] [stdout] 
[INFO] [stdout] warning: unused import: `std::ops::*`
[INFO] [stdout]  --> src/filter2b.rs:4:5
[INFO] [stdout]   |
[INFO] [stdout] 4 | use std::ops::*;
[INFO] [stdout]   |     ^^^^^^^^^^^
[INFO] [stdout] 
[INFO] [stdout] 
[INFO] [stdout] warning: unused import: `utils`
[INFO] [stdout]   --> src/rice_homomorf_est.rs:11:5
[INFO] [stdout]    |
[INFO] [stdout] 11 | use utils;
[INFO] [stdout]    |     ^^^^^
[INFO] [stdout] 
[INFO] [stdout] 
[INFO] [stdout] warning: unnecessary parentheses around `if` condition
[INFO] [stdout]   --> src/rice_homomorf_est.rs:75:5
[INFO] [stdout]    |
[INFO] [stdout] 75 |         if(mat[(r,c)] ==  0.0 ) {
[INFO] [stdout]    |           ^^^^^^^^^^^^^^^^^^^^^ help: remove these parentheses
[INFO] [stdout]    |
[INFO] [stdout]    = note: `#[warn(unused_parens)]` on by default
[INFO] [stdout] 
[INFO] [stdout] 
[INFO] [stdout] warning: unnecessary parentheses around assigned value
[INFO] [stdout]   --> src/lpf.rs:85:27
[INFO] [stdout]    |
[INFO] [stdout] 85 |               mat[(y, x)] = (
[INFO] [stdout]    |  ___________________________^
[INFO] [stdout] 86 | |                 (-(xv * xv + yv * yv) / (2f64 * sigma * sigma)).exp()
[INFO] [stdout] 87 | |                 );
[INFO] [stdout]    | |_________________^ help: remove these parentheses
[INFO] [stdout] 
[INFO] [stdout] 
[INFO] [stdout] warning: unused import: `std::ops`
[INFO] [stdout]  --> src/approxl1_i0.rs:3:5
[INFO] [stdout]   |
[INFO] [stdout] 3 | use std::ops::*;
[INFO] [stdout]   |     ^^^^^^^^
[INFO] [stdout] 
[INFO] [stdout] 
[INFO] [stdout] warning: unused import: `std::ops`
[INFO] [stdout]  --> src/em_ml_rice2D.rs:3:5
[INFO] [stdout]   |
[INFO] [stdout] 3 | use std::ops::*;
[INFO] [stdout]   |     ^^^^^^^^
[INFO] [stdout] 
[INFO] [stdout] 
[INFO] [stdout] warning: unused import: `std::ops`
[INFO] [stdout]  --> src/rice_homomorf_est.rs:3:5
[INFO] [stdout]   |
[INFO] [stdout] 3 | use std::ops::*;
[INFO] [stdout]   |     ^^^^^^^^
[INFO] [stdout] 
[INFO] [stdout] 
[INFO] [stdout] error: aborting due to 46 previous errors; 12 warnings emitted
[INFO] [stdout] 
[INFO] [stdout] 
[INFO] [stdout] Some errors have detailed explanations: E0412, E0432, E0433.
[INFO] [stdout] 
[INFO] [stdout] For more information about an error, try `rustc --explain E0412`.
[INFO] [stdout] 
[INFO] [stderr] error: could not compile `mri_proj`.
[INFO] [stderr] 
[INFO] [stderr] To learn more, run the command again with --verbose.
[INFO] [stderr] warning: build failed, waiting for other jobs to finish...
[INFO] [stdout] warning: unused import: `std::ops`
[INFO] [stdout]  --> src/approxl1_i0.rs:3:5
[INFO] [stdout]   |
[INFO] [stdout] 3 | use std::ops::*;
[INFO] [stdout]   |     ^^^^^^^^
[INFO] [stdout] 
[INFO] [stdout] 
[INFO] [stdout] warning: unused import: `std::ops`
[INFO] [stdout]  --> src/em_ml_rice2D.rs:3:5
[INFO] [stdout]   |
[INFO] [stdout] 3 | use std::ops::*;
[INFO] [stdout]   |     ^^^^^^^^
[INFO] [stdout] 
[INFO] [stdout] 
[INFO] [stdout] warning: unused import: `std::ops`
[INFO] [stdout]  --> src/rice_homomorf_est.rs:3:5
[INFO] [stdout]   |
[INFO] [stdout] 3 | use std::ops::*;
[INFO] [stdout]   |     ^^^^^^^^
[INFO] [stdout] 
[INFO] [stdout] 
[INFO] [stdout] error: aborting due to 46 previous errors; 12 warnings emitted
[INFO] [stdout] 
[INFO] [stdout] 
[INFO] [stdout] Some errors have detailed explanations: E0412, E0432, E0433.
[INFO] [stdout] 
[INFO] [stdout] For more information about an error, try `rustc --explain E0412`.
[INFO] [stdout] 
[INFO] [stderr] error: build failed
[INFO] running `Command { std: "docker" "inspect" "5b48d1fffde0d5193f26f273d846d7475bc4d4632218c7502e308d6621ffd5ce", kill_on_drop: false }`
[INFO] running `Command { std: "docker" "rm" "-f" "5b48d1fffde0d5193f26f273d846d7475bc4d4632218c7502e308d6621ffd5ce", kill_on_drop: false }`
[INFO] [stdout] 5b48d1fffde0d5193f26f273d846d7475bc4d4632218c7502e308d6621ffd5ce
